 - 221201221?
-212221112
In base 5, what is -203412340 + 14?
-203412321
In base 12, what is -a804 + 419?
-a3a7
In base 4, what is 20030 + -10320203?
-10300113
In base 6, what is 14 - -251035114?
251035132
In base 16, what is -2edc1e9a - 0?
-2edc1e9a
In base 11, what is -6665061 - -1?
-6665060
In base 2, what is 11110111 - 100000001010000110?
-100000000110001111
In base 2, what is -101101010101 + 11010011010010010?
11001101100111101
In base 3, what is 121 - 12211212022010?
-12211212021112
In base 9, what is 106032 - -1346?
107378
In base 5, what is -2 + -42430240143?
-42430240200
In base 14, what is 9 - -cd2b439?
cd2b444
In base 11, what is 16043152 + 5?
16043157
In base 16, what is 4 + -1701e1?
-1701dd
In base 13, what is 36437 - 20?
36417
In base 12, what is 112 + 36296?
363a8
In base 5, what is -42340232 + 21?
-42340211
In base 9, what is -16 + 256268164?
256268147
In base 2, what is 1110010010000011101 - 110101?
1110010001111101000
In base 13, what is 1072 - -632?
16a4
In base 9, what is -14 + 83748275?
83748261
In base 8, what is 2 + 406403?
406405
In base 7, what is -2465 - -421266?
415501
In base 3, what is 100 + 1112011220121?
1112011220221
In base 14, what is 14c2517 + 4?
14c251b
In base 12, what is 2 - 51b411b9?
-51b411b7
In base 16, what is 46 - -c3df7?
c3e3d
In base 5, what is -220 + 10420310?
10420040
In base 13, what is -10a2 - -11a81?
109ac
In base 12, what is -48b206 + -6?
-48b210
In base 2, what is 100110100 - -10100000100011?
10100101010111
In base 9, what is 226 + -404404?
-404167
In base 3, what is 211122 - -10201000?
11112122
In base 5, what is 13 - -10040001200?
10040001213
In base 12, what is 5 - -6682146?
668214b
In base 5, what is -11343121 - 210?
-11343331
In base 10, what is -243 + -271935?
-272178
In base 3, what is -12 + 122010001222100?
122010001222011
In base 8, what is 4376767 + 75?
4377064
In base 9, what is 14212 - 107?
14104
In base 14, what is 8 - -167ab7?
167ac1
In base 16, what is -39 + 6cfcd7?
6cfc9e
In base 2, what is -100011111000 + 111101?
-100010111011
In base 3, what is 1202110 + 11011221120?
11020201000
In base 15, what is 7b3 - -6c2d?
74e1
In base 15, what is -23a173 + 7?
-23a16b
In base 16, what is -1595278d - -3?
-1595278a
In base 12, what is b623 + 25b?
b882
In base 7, what is -10 + -333451?
-333461
In base 4, what is -1320 + 2230311?
2222331
In base 3, what is 10011002222002201 + 21?
10011002222002222
In base 9, what is 3210 + 87671?
101881
In base 15, what is -2ec64 - -200?
-2ea64
In base 16, what is e8b1 + -13d7?
d4da
In base 7, what is -33441 + 106252?
42511
In base 2, what is 1110100 - -10101010011101111011?
10101010011111101111
In base 14, what is 1 - 37338b9?
-37338b8
In base 5, what is -4442 - -34004121?
33444124
In base 3, what is -12010122 - 210002?
-12220201
In base 2, what is -11 - 10010111000011011?
-10010111000011110
In base 10, what is -61 - 3050811?
-3050872
In base 13, what is -1ab8 + 74b?
-136a
In base 8, what is -15676004 - 2?
-15676006
In base 4, what is -110023030 - -220?
-110022210
In base 13, what is -6b900 + -a4?
-6b9a4
In base 16, what is -248e + -e06?
-3294
In base 3, what is 222010021 - -1001211010?
2000221101
In base 13, what is -13 + 7ba136?
7ba123
In base 12, what is -6819540 + -19?
-6819559
In base 7, what is 11122206 + 421?
11122630
In base 5, what is -3 + -20123011000?
-20123011003
In base 2, what is 1000001011011010 + -101010011000?
111100001000010
In base 16, what is -1 - 16e4e7?
-16e4e8
In base 5, what is -3014243 - -3014?
-3011224
In base 11, what is 19a + -2624?
-2435
In base 2, what is 10100 - -1010101111100111010000000?
1010101111100111010010100
In base 14, what is -285905d8 - -4?
-285905d4
In base 13, what is c2c + cab?
1c0a
In base 5, what is 10012032 + -312?
10011220
In base 6, what is 3035 + -1420220?
-1413141
In base 9, what is 15875505 + 68?
15875574
In base 2, what is -1110011010 + 11111010010010?
11101011111000
In base 7, what is 445 - -121465?
122243
In base 7, what is 116204 + -25113?
61061
In base 3, what is 21202020202 + 1112111?
21210210020
In base 15, what is -274 - -d9cc?
d758
In base 4, what is 32 + 120310113011?
120310113103
In base 16, what is 1 - 22eb573?
-22eb572
In base 12, what is 248 + -13b1?
-1165
In base 8, what is -50 + 44340304?
44340234
In base 2, what is -111011100011 + -10110000011?
-1010001100110
In base 2, what is -11110101000010000010111 + -1011?
-11110101000010000100010
In base 12, what is 0 - a056b5?
-a056b5
In base 5, what is 122402020 + -2203?
122344312
In base 11, what is 357 - -485139?
485495
In base 13, what is 1a65c71 + -c?
1a65c62
In base 12, what is 47 - -2b8611?
2b8658
In base 14, what is -3 + 159ca4?
159ca1
In base 14, what is -8656 + -6?
-865c
In base 7, what is 22 + -255520442?
-255520420
In base 4, what is 1 - 20003003033?
-20003003032
In base 16, what is -73 - -7ad6e?
7acfb
In base 4, what is 220 - -3110112101?
3110112321
In base 8, what is 14563543 + -12?
14563531
In base 14, what is -25684d - 2?
-256851
In base 12, what is 2a7111 + -15?
2a70b8
In base 14, what is -b9 - -259068?
258d8d
In base 4, what is 10 + -21202131322?
-21202131312
In base 12, what is 1893aa + -611?
188999
In base 13, what is 15 + -a1522a3?
-a15228b
In base 10, what is 1257844 + -487?
1257357
In base 3, what is 22001 - 1002122222200?
-1002122200122
In base 7, what is -15652 + 466?
-15153
In base 14, what is 9 + -1d3032c?
-1d30323
In base 5, what is -320130034 + 4?
-320130030
In base 16, what is 1d + -4cc6?
-4ca9
In base 10, what is -726094 - -2?
-726092
In base 12, what is 8238871 - 4?
8238869
In base 6, what is -40240254 - 15?
-40240313
In base 12, what is -1260ab - b?
-1260ba
In base 11, what is -8 - 587950?
-587958
In base 7, what is 24454630 - -44?
24455004
In base 6, what is 14424201033 + 2?
14424201035
In base 14, what is -58d37b - 18?
-58d395
In base 8, what is 6 - -661436742?
661436750
In base 4, what is 11231321 + 12?
11231333
In base 2, what is 10110110 - 10110010000?
-10011011010
In base 7, what is 1241 + -1015100?
-1013526
In base 15, what is -9 - -18a984?
18a97a
In base 8, what is 5356143 + 2?
5356145
In base 8, what is -11 - 27102?
-27113
In base 16, what is -8fa2b + 617?
-8f414
In base 2, what is 1000101110100101010111 - 1?
1000101110100101010110
In base 16, what is -fd - 9a12e?
-9a22b
In base 16, what is -19df4 + -54?
-19e48
In base 12, what is -5 + -59025b8?
-5902601
In base 9, what is -317 + 1232635?
1232317
In base 15, what is 682 - -107?
789
In base 14, what is 45d2162 + 13?
45d2175
In base 16, what is 45c + 232d?
2789
In base 2, what is 11101011011001110011111 - -1000?
11101011011001110100111
In base 6, what is 4041411230 + -13?
4041411213
In base 3, what is -21022 - -20120110000?
20120011201
In base 14, what is 267399 - -7?
2673a2
In base 2, what is -10001000111 - -100100010100011?
100010001011100
In base 16, what is b4228 + b?
b4233
In base 5, what is 13104443222 + 0?
13104443222
In base 9, what is -3 + -8684078?
-8684082
In base 8, what is -5 + -21564531?
-21564536
In base 2, what is 1011100110011010011100010101 - 101?
1011100110011010011100010000
In base 10, what is -22708542 + 0?
-22708542
In base 13, what is 5 + -23c1088a?
-23c10885
In base 6, what is -10223 + -5430400?
-5441023
In base 5, what is 0 - -10400022213?
10400022213
In base 2, what is 1000011011101100001101000 + 110?
1000011011101100001101110
In base 13, what is 0 + 15b9512?
15b9512
In base 15, what is -38c1ac3 + 10?
-38c1ab3
In base 5, what is -10034210 + -4002?
-10043212
In base 8, what is 5 - 556251?
-556244
In base 15, what is 34122511 + -5?
3412250b
In base 8, what is 52336176 + -4?
52336172
In base 14, what is -1c55c - -84a7?
-14095
In base 2, what is 11000111010 + 10000001000001100?
10000100001000110
In base 4, what is -3 - -20101301013133?
20101301013130
In base 5, what is 10 + -322412443343?
-322412443333
In base 7, what is 1166 + -50234?
-46035
In base 2, what is 10001010010111100 - 1100110?
10001010001010110
In base 10, what is -26 - -13235232?
13235206
In base 13, what is 2 + -51366b4?
-51366b2
In base 2, what is 11 + 1000000011011100001?
1000000011011100100
In base 6, what is 442532 + -10210?
432322
In base 9, what is -6805111 + -52?
-6805163
In base 6, what is 11443131253 + -5?
11443131244
In base 11, what is 118739 + -1a4?
118545
